reatest common factor of 20 and t?
10
Let j(g) = -2*g + 3. Let d be j(-4). Let r = 14 + -7. Let c(l) = -l**3 + 8*l**2 + l - 12. Let b be c(r). What is the highest common factor of b and d?
11
Suppose 0 = 2*x + 5*z - 303, -4*z = -18 + 6. What is the greatest common divisor of x and 192?
48
Let u be ((-364)/(-12)*-3)/(-1). Calculate the greatest common divisor of u and 65.
13
Suppose 0*l + 3*l = 15. Suppose l*d - 20 = 4*d. Calculate the highest common divisor of d and 80.
20
Let r be (1*5/(-5))/(-1) + 36. Calculate the highest common factor of 185 and r.
37
Let d = -27 + 46. Suppose 3*v = 70 - d. Let m(o) = 18*o**2 + o. Let a be m(-1). Calculate the highest common divisor of v and a.
17
Suppose 10*r - 5 = 9*r. Suppose 3 = -2*d - i, 5*d - 2*d = r*i + 28. Calculate the highest common divisor of 7 and d.
1
Let z(p) = p**2 + 11*p + 29. Let i be z(-18). What is the highest common divisor of i and 341?
31
Suppose 6*x - 640 = -14*x. What is the greatest common factor of x and 544?
32
Suppose -4*r - 2*f + 48 = 0, 40 = 5*r + 4*f - 26. Calculate the greatest common factor of 50 and r.
10
Let r = 130 + -87. What is the highest common factor of 129 and r?
43
Let g(s) be the third derivative of -7*s**4/24 - 31*s**3/6 + 47*s**2. Let w be g(-9). Calculate the highest common factor of 224 and w.
32
Let j = -12694 - -12697. Let g be 4 - 3 - (1 - -29). Let q = 50 + g. What is the highest common divisor of j and q?
3
Let y(t) = t**3 + 2. Let w be y(3). Suppose w - 2 = 3*b. Suppose 4 - 10 = 2*r + 2*f, -3*r + 4*f = -19. What is the highest common factor of r and b?
1
Suppose 5*k - 15 = 0, 3*p + 4*k - 243 = 7*k. Calculate the highest common factor of 21 and p.
21
Suppose 169 = -3*d + 3*n + 997, -4*n - 1377 = -5*d. What is the highest common factor of d and 126?
21
Let q be 46/207 + (-56)/9. Let v be (3 - (-27)/(-15))*(-160)/q. Calculate the greatest common factor of 4 and v.
4
Suppose 5*l + 291 = 4*z, -2*z = -z + l - 84. Let x = z + -55. Let f = x - -3. Calculate the highest common factor of f and 297.
27
Let l be (52/(2 - 6))/((-6)/246). Calculate the highest common factor of l and 13.
13
Suppose 3 = d - 0*d, -10 = 5*o + 5*d. Let t be -4 + 0 + (71 - o). Let g be 208/t + (-1)/(-9). What is the greatest common divisor of 6 and g?
3
Let a(j) = -j**3 - 13*j**2 - 14*j - 14. Let z be a(-12). Suppose -5*k = 2*i - 21 - 33, -2*k = -i - 18. Calculate the greatest common factor of z and k.
10
Let k be ((-49)/(-147) - 38/6)/(-2*1). Suppose 2*m + 1 - 13 = 0. Calculate the highest common factor of m and k.
3
Suppose 3*d - 3 = -2*r, 0 = 2*d - 4*d + 2. Suppose -77 = -r*s - s. What is the highest common factor of 11 and s?
11
Suppose -3*w = 4*w. Suppose 2*b + 2*b - 192 = w. What is the greatest common factor of 12 and b?
12
Suppose 0 = 4*s + 5*a, 0*a + 2 = -2*s - 3*a. Suppose 0*w + 10 = s*w. Suppose -25*x = -31 - 369. What is the greatest common divisor of w and x?
2
Let n = -323 + 354. What is the highest common factor of n and 496?
31
Suppose 4*y = 5*a + 65, 3*a + 14 = -4*y + 71. What is the greatest common divisor of 1695 and y?
15
Let z(q) = -61*q**2 - 133*q + 2. Let n be z(-2). Calculate the highest common factor of 15 and n.
3
Let t(l) = 60*l - 28. Let y be t(23). What is the highest common divisor of 52 and y?
52
Let u = 401 + -11. Calculate the greatest common factor of u and 12.
6
Suppose c - 2 = 2*l - 6, 5*c - 5*l = -5. Calculate the greatest common factor of c and 4.
2
Suppose 4*c - 4*f - 36 = 0, 5*c + 3*f = 6*f + 49. Let m(b) = b**3 - 29*b**2 - 2*b + 69. Let i be m(29). Calculate the greatest common factor of c and i.
11
Suppose -8*v - 27 = -9*v. Suppose 45 = 30*j - v*j. What is the greatest common divisor of 6 and j?
3
Let n be (-519)/9*-18 - 12. What is the greatest common divisor of n and 72?
18
Suppose 94 = -4*j + 974. Let l(o) = o**2 - 2*o + 2. Let h be l(2). Suppose h*x + 0*u - 156 = u, 5*u = 3*x - j. What is the highest common divisor of x and 20?
20
Suppose -4*k = -2*q - 230, -4*k = -4*q + 129 - 361. What is the greatest common factor of 12 and k?
3
Let h = -164 + 176. Let s(j) = -j**2 + 10*j - 18. Let n be s(6). Calculate the greatest common divisor of n and h.
6
Let m be 15*(3 - 16/6). Suppose -2*k = -0*k + q - 40, -5*k - m*q = -110. Calculate the highest common divisor of k and 6.
6
Let m(q) = q**2 + 2*q - 10. Suppose -143*g = -142*g + 6. Let a be m(g). Let u = 59 + -31. Calculate the highest common divisor of u and a.
14
Let r = -88 - -92. Suppose 3*s - 3 = 5*i, r*i - 37 = -5*s + 5. Calculate the greatest common divisor of 10 and s.
2
Suppose -4*j - 5*t + 18 = -53, j = 4*t + 44. Let d = -11 + 14. What is the greatest common divisor of d and j?
3
Let s be 200/5 + (4 - 0). Calculate the greatest common divisor of 55 and s.
11
Suppose 2*w - 22 = -0*w. Let z = -18 + w. Let v = -5 - z. Calculate the greatest common divisor of 18 and v.
2
Let j = 2440 - 2415. Suppose 69 + 31 = 4*z. What is the highest common divisor of j and z?
25
Let o(w) = 5*w**2 + 3. Suppose 6 = -3*k, j - 5*k - 16 = 3*j. Let q = j - -6. Let n be o(q). Calculate the greatest common divisor of 120 and n.
24
Suppose -5*k - 11 = o - 2, -4*o - 4*k + 28 = 0. Calculate the highest common divisor of 979 and o.
11
Suppose -145 = -2*b - 51. Let p = 70 - b. Calculate the highest common factor of 207 and p.
23
Let m = -53 + 57. Suppose m*n = -16, -7*n + 3*n = -2*t + 22. Let o(r) = -r - 4. Let a be o(-5). What is the greatest common divisor of t and a?
1
Suppose 0 = 5*l + 16 - 141. Suppose 5*t - l = 0, -4*y - t + 116 = 43. Calculate the highest common divisor of 34 and y.
17
Let j = 252 + -227. Let n be (-124)/(-28) + 4/7. What is the greatest common factor of j and n?
5
Suppose -z + 0*z = -3. Suppose -z*n = -27 - 9. Calculate the greatest common divisor of 12 and n.
12
Suppose -3*w + 75 = 3*h, -4*w = 5*h - 44 - 52. Let j be (-12 - -17)/(w/(-15) - -2). Calculate the greatest common divisor of j and 25.
25
Let k(b) = 3*b + 13. Let o be k(-5). Let d(l) = -11*l**3 + 4*l**2 + 2*l - 2. Let z be d(o). Calculate the highest common factor of 14 and z.
14
Suppose 0 = -3*b - 10*o + 8*o + 502, -3*o + 507 = 3*b. What is the highest common factor of 246 and b?
82
Let t(k) = 7*k - 2. Let j be t(2). Let y(n) = -n**2 - 22*n - 36. Let p be y(-19). Suppose -p*b = -16*b - 60. Calculate the greatest common factor of b and j.
12
Let m be (-2486)/(-4) - (102/12 + -8). What is the greatest common factor of 18 and m?
9
Suppose b - 576 = -31*b. What is the greatest common divisor of b and 18?
18
Let u(g) = 7*g**2 + 2*g - 3. Let y be (-20)/8*18/15. Let l be u(y). Let f(b) = -b**2 + 7*b. Let z be f(6). What is the greatest common factor of l and z?
6
Let z be 4/((-12)/(-9))*54. Calculate the highest common divisor of z and 36.
18
Suppose 180 = -l + 10*l. Let y be (21/14)/(2/4). Let d be (-5)/(-2)*6/y. Calculate the greatest common factor of l and d.
5
Suppose 4*h = 3*q + 50, h - 3*q - 3 = 5. Suppose 544*s = 541*s + 126. What is the highest common factor of h and s?
14
Suppose 7*l - 63 = 371. Calculate the highest common factor of l and 1550.
62
Let u = 240 - 233. What is the highest common divisor of 56 and u?
7
Suppose 0*o - 2*q - 22 = -2*o, 32 = 3*o - 4*q. Suppose 105 + 27 = h. What is the highest common divisor of o and h?
12
Let f(c) be the second derivative of c**4/6 - 17*c**3/6 + 3*c**2 + 17*c. Let w be f(10). Calculate the highest common divisor of w and 108.
36
Let b = 11 + 1. Let k = 14 - b. Let j be 5 - (k/1 - 5). What is the highest common factor of j and 8?
8
Let x(c) = 19*c**2 + 6*c + 2. Let l be x(2). Calculate the greatest common divisor of l and 990.
90
Suppose h - 3*h + 590 = 0. Suppose -53*d = -44*d - 531. Calculate the greatest common factor of h and d.
59
Let c(n) = -4*n + 5. Let z(k) = -3*k + 6. Let l(r) = -2*c(r) + 3*z(r). Let m be l(10). Let a be m + (-3 + 2)*-8. Calculate the highest common factor of a and 6.
6
Let q(h) = -13*h - 44*h**2 + 18*h**2 + 24*h**2 - 13. Let l be q(-4). Calculate the greatest common divisor of l and 56.
7
Let o = -21 - -16. Let b be (o/(-3))/(12/432). Suppose 0 = 5*c - b - 90. What is the greatest common factor of 6 and c?
6
Let o be 290/16 + 6/(-48). What is the greatest common divisor of 24 and o?
6
Suppose 4*d = 5*o - 7*o + 18, 2*o + 2*d = 16. What is the highest common divisor